{"id":19287,"date":"2026-05-07T17:11:39","date_gmt":"2026-05-07T15:11:39","guid":{"rendered":"https:\/\/nuitdelaglisse.com\/film\/the-call\/"},"modified":"2026-09-04T15:39:38","modified_gmt":"2026-09-04T13:39:38","slug":"the-call","status":"publish","type":"film","link":"https:\/\/nuitdelaglisse.com\/fr\/film\/the-call\/","title":{"rendered":"The Call"},"content":{"rendered":"&#13;\n<p class=\"wp-block-paragraph\"> <\/p>&#13;\n","protected":false},"excerpt":{"rendered":"<p>&#13; &#13;<\/p>\n","protected":false},"featured_media":0,"template":"","meta":{"_acf_changed":false,"footnotes":""},"film_category":[125],"film_sport":[129,127,126,128,130],"class_list":["post-19287","film","type-film","status-publish","hentry","film_category-nos-dernieres-productions","film_sport-apnee","film_sport-ski-freeride","film_sport-snowboard","film_sport-surf","film_sport-wing-foil"],"acf":{"slogan":"","synopsis":"THE CALL suit une nouvelle g\u00e9n\u00e9ration d'athl\u00e8tes extraordinaires r\u00e9pondant \u00e0 l'appel de la nature : en qu\u00eate de la ligne parfaite, du geste juste et de cet instant fugace o\u00f9 l'engagement, la ma\u00eetrise et les \u00e9l\u00e9ments ne font qu'un. R\u00e9alis\u00e9 par Thierry Donard et Olivier Sautet, <b>THE CALL<\/b> :<span class=\"Apple-converted-space\">  <\/span>le nouveau film de La Nuit de la Glisse<span class=\"Apple-converted-space\">  <\/span>explore la transmission des valeurs entre les g\u00e9n\u00e9rations, tout en mettant en lumi\u00e8re les d\u00e9fis croissants auxquels fait face un monde naturel en profonde transformation.","synopsis_short":"THE CALL suit une nouvelle g\u00e9n\u00e9ration d'athl\u00e8tes extraordinaires r\u00e9pondant \u00e0 l'appel de la nature, en qu\u00eate du trac\u00e9 parfait, du geste juste et de ce moment fugace o\u00f9 l'engagement, la ma\u00eetrise et les \u00e9l\u00e9ments s'alignent.\nLe film explore la transmission des valeurs entre les g\u00e9n\u00e9rations tout en mettant en lumi\u00e8re les d\u00e9fis croissants d'un monde naturel en profonde transformation.","duration":92,"year":2026,"image_resolution":["4k"],"realisateur":"Thierry Donard & Olivier Sautet","tournage":"","film_poster":20067,"teaser":"","teaser_image":19292,"bg_video":20213,"bg_video_poster":20212,"bg_video_webm":20214,"bg_video_mobile":20215,"bg_video_mobile_webm":20216,"language":"Multi-langue","subtitle":["French","English","German"],"riders":[19596,19588,19958,19609,19633,19811,19956,19847,19774],"vod":"","netflix":"","primevideo":"","soundtrack_spotify":"","soundtrack_deezer":"","soundtrack_itunes":""},"yoast_head":"<!-- This site is optimized with the Yoast SEO plugin v28.4 - https:\/\/yoast.com\/product\/yoast-seo-wordpress\/ -->\n<title>La Nuit de la Glisse 2026 : The Call<\/title>\n<meta name=\"robots\" content=\"index, follow, max-snippet:-1, max-image-preview:large, max-video-preview:-1\" \/>\n<link rel=\"canonical\" href=\"https:\/\/nuitdelaglisse.com\/fr\/film\/the-call\/\" \/>\n<meta property=\"og:locale\" content=\"fr_FR\" \/>\n<meta property=\"og:type\" content=\"article\" \/>\n<meta property=\"og:title\" content=\"La Nuit de la Glisse 2026 : The Call\" \/>\n<meta property=\"og:description\" content=\"&#013; &#013;\" \/>\n<meta property=\"og:url\" content=\"https:\/\/nuitdelaglisse.com\/fr\/film\/the-call\/\" \/>\n<meta property=\"og:site_name\" content=\"NuitdelaGlisse\" \/>\n<meta property=\"article:modified_time\" content=\"2026-09-04T13:39:38+00:00\" \/>\n<meta property=\"og:image\" content=\"https:\/\/nuitdelaglisse.com\/wp-content\/uploads\/2026\/05\/logo-LA-NDG.png.webp\" \/>\n\t<meta property=\"og:image:width\" content=\"1582\" \/>\n\t<meta property=\"og:image:height\" content=\"1691\" \/>\n\t<meta property=\"og:image:type\" content=\"image\/webp\" \/>\n<meta name=\"twitter:card\" content=\"summary_large_image\" \/>\n<script type=\"application\/ld+json\" class=\"yoast-schema-graph\">{\"@context\":\"https:\\\/\\\/schema.org\",\"@graph\":[{\"@type\":\"WebPage\",\"@id\":\"https:\\\/\\\/nuitdelaglisse.com\\\/fr\\\/film\\\/the-call\\\/\",\"url\":\"https:\\\/\\\/nuitdelaglisse.com\\\/fr\\\/film\\\/the-call\\\/\",\"name\":\"La Nuit de la Glisse 2026 : The Call\",\"isPartOf\":{\"@id\":\"https:\\\/\\\/nuitdelaglisse.com\\\/fr\\\/#website\"},\"datePublished\":\"2026-05-07T15:11:39+00:00\",\"dateModified\":\"2026-09-04T13:39:38+00:00\",\"breadcrumb\":{\"@id\":\"https:\\\/\\\/nuitdelaglisse.com\\\/fr\\\/film\\\/the-call\\\/#breadcrumb\"},\"inLanguage\":\"fr-FR\",\"potentialAction\":[{\"@type\":\"ReadAction\",\"target\":[\"https:\\\/\\\/nuitdelaglisse.com\\\/fr\\\/film\\\/the-call\\\/\"]}]},{\"@type\":\"BreadcrumbList\",\"@id\":\"https:\\\/\\\/nuitdelaglisse.com\\\/fr\\\/film\\\/the-call\\\/#breadcrumb\",\"itemListElement\":[{\"@type\":\"ListItem\",\"position\":1,\"name\":\"Accueil\",\"item\":\"https:\\\/\\\/nuitdelaglisse.com\\\/fr\\\/\"},{\"@type\":\"ListItem\",\"position\":2,\"name\":\"The Call\"}]},{\"@type\":\"WebSite\",\"@id\":\"https:\\\/\\\/nuitdelaglisse.com\\\/fr\\\/#website\",\"url\":\"https:\\\/\\\/nuitdelaglisse.com\\\/fr\\\/\",\"name\":\"La Nuit de la Glisse\",\"description\":\"TRACES 2026\",\"publisher\":{\"@id\":\"https:\\\/\\\/nuitdelaglisse.com\\\/fr\\\/#organization\"},\"alternateName\":\"LaNuitdelaGlisse\",\"potentialAction\":[{\"@type\":\"SearchAction\",\"target\":{\"@type\":\"EntryPoint\",\"urlTemplate\":\"https:\\\/\\\/nuitdelaglisse.com\\\/fr\\\/?s={search_term_string}\"},\"query-input\":{\"@type\":\"PropertyValueSpecification\",\"valueRequired\":true,\"valueName\":\"search_term_string\"}}],\"inLanguage\":\"fr-FR\"},{\"@type\":\"Organization\",\"@id\":\"https:\\\/\\\/nuitdelaglisse.com\\\/fr\\\/#organization\",\"name\":\"NuitdelaGlisse\",\"alternateName\":\"La Nuit de la Glisse\",\"url\":\"https:\\\/\\\/nuitdelaglisse.com\\\/fr\\\/\",\"logo\":{\"@type\":\"ImageObject\",\"inLanguage\":\"fr-FR\",\"@id\":\"https:\\\/\\\/nuitdelaglisse.com\\\/fr\\\/#\\\/schema\\\/logo\\\/image\\\/\",\"url\":\"https:\\\/\\\/nuitdelaglisse.com\\\/wp-content\\\/uploads\\\/2026\\\/05\\\/logo-LA-NDG.png.webp\",\"contentUrl\":\"https:\\\/\\\/nuitdelaglisse.com\\\/wp-content\\\/uploads\\\/2026\\\/05\\\/logo-LA-NDG.png.webp\",\"width\":1582,\"height\":1691,\"caption\":\"NuitdelaGlisse\"},\"image\":{\"@id\":\"https:\\\/\\\/nuitdelaglisse.com\\\/fr\\\/#\\\/schema\\\/logo\\\/image\\\/\"}}]}<\/script>\n<!-- \/ Yoast SEO plugin. -->","yoast_head_json":{"title":"La Nuit de la Glisse 2026 : The Call","robots":{"index":"index","follow":"follow","max-snippet":"max-snippet:-1","max-image-preview":"max-image-preview:large","max-video-preview":"max-video-preview:-1"},"canonical":"https:\/\/nuitdelaglisse.com\/fr\/film\/the-call\/","og_locale":"fr_FR","og_type":"article","og_title":"La Nuit de la Glisse 2026 : The Call","og_description":"&#13; &#13;","og_url":"https:\/\/nuitdelaglisse.com\/fr\/film\/the-call\/","og_site_name":"NuitdelaGlisse","article_modified_time":"2026-09-04T13:39:38+00:00","og_image":[{"width":1582,"height":1691,"url":"https:\/\/nuitdelaglisse.com\/wp-content\/uploads\/2026\/05\/logo-LA-NDG.png.webp","type":"image\/webp"}],"twitter_card":"summary_large_image","schema":{"@context":"https:\/\/schema.org","@graph":[{"@type":"WebPage","@id":"https:\/\/nuitdelaglisse.com\/fr\/film\/the-call\/","url":"https:\/\/nuitdelaglisse.com\/fr\/film\/the-call\/","name":"La Nuit de la Glisse 2026 : The Call","isPartOf":{"@id":"https:\/\/nuitdelaglisse.com\/fr\/#website"},"datePublished":"2026-05-07T15:11:39+00:00","dateModified":"2026-09-04T13:39:38+00:00","breadcrumb":{"@id":"https:\/\/nuitdelaglisse.com\/fr\/film\/the-call\/#breadcrumb"},"inLanguage":"fr-FR","potentialAction":[{"@type":"ReadAction","target":["https:\/\/nuitdelaglisse.com\/fr\/film\/the-call\/"]}]},{"@type":"BreadcrumbList","@id":"https:\/\/nuitdelaglisse.com\/fr\/film\/the-call\/#breadcrumb","itemListElement":[{"@type":"ListItem","position":1,"name":"Accueil","item":"https:\/\/nuitdelaglisse.com\/fr\/"},{"@type":"ListItem","position":2,"name":"The Call"}]},{"@type":"WebSite","@id":"https:\/\/nuitdelaglisse.com\/fr\/#website","url":"https:\/\/nuitdelaglisse.com\/fr\/","name":"La Nuit de la Glisse","description":"TRACES 2026","publisher":{"@id":"https:\/\/nuitdelaglisse.com\/fr\/#organization"},"alternateName":"LaNuitdelaGlisse","potentialAction":[{"@type":"SearchAction","target":{"@type":"EntryPoint","urlTemplate":"https:\/\/nuitdelaglisse.com\/fr\/?s={search_term_string}"},"query-input":{"@type":"PropertyValueSpecification","valueRequired":true,"valueName":"search_term_string"}}],"inLanguage":"fr-FR"},{"@type":"Organization","@id":"https:\/\/nuitdelaglisse.com\/fr\/#organization","name":"NuitdelaGlisse","alternateName":"La Nuit de la Glisse","url":"https:\/\/nuitdelaglisse.com\/fr\/","logo":{"@type":"ImageObject","inLanguage":"fr-FR","@id":"https:\/\/nuitdelaglisse.com\/fr\/#\/schema\/logo\/image\/","url":"https:\/\/nuitdelaglisse.com\/wp-content\/uploads\/2026\/05\/logo-LA-NDG.png.webp","contentUrl":"https:\/\/nuitdelaglisse.com\/wp-content\/uploads\/2026\/05\/logo-LA-NDG.png.webp","width":1582,"height":1691,"caption":"NuitdelaGlisse"},"image":{"@id":"https:\/\/nuitdelaglisse.com\/fr\/#\/schema\/logo\/image\/"}}]}},"_links":{"self":[{"href":"https:\/\/nuitdelaglisse.com\/fr\/wp-json\/wp\/v2\/film\/19287","targetHints":{"allow":["GET"]}}],"collection":[{"href":"https:\/\/nuitdelaglisse.com\/fr\/wp-json\/wp\/v2\/film"}],"about":[{"href":"https:\/\/nuitdelaglisse.com\/fr\/wp-json\/wp\/v2\/types\/film"}],"version-history":[{"count":5,"href":"https:\/\/nuitdelaglisse.com\/fr\/wp-json\/wp\/v2\/film\/19287\/revisions"}],"predecessor-version":[{"id":20210,"href":"https:\/\/nuitdelaglisse.com\/fr\/wp-json\/wp\/v2\/film\/19287\/revisions\/20210"}],"acf:post":[{"embeddable":true,"href":"https:\/\/nuitdelaglisse.com\/fr\/wp-json\/wp\/v2\/rider\/19774"},{"embeddable":true,"href":"https:\/\/nuitdelaglisse.com\/fr\/wp-json\/wp\/v2\/rider\/19847"},{"embeddable":true,"href":"https:\/\/nuitdelaglisse.com\/fr\/wp-json\/wp\/v2\/rider\/19956"},{"embeddable":true,"href":"https:\/\/nuitdelaglisse.com\/fr\/wp-json\/wp\/v2\/rider\/19811"},{"embeddable":true,"href":"https:\/\/nuitdelaglisse.com\/fr\/wp-json\/wp\/v2\/rider\/19633"},{"embeddable":true,"href":"https:\/\/nuitdelaglisse.com\/fr\/wp-json\/wp\/v2\/rider\/19609"},{"embeddable":true,"href":"https:\/\/nuitdelaglisse.com\/fr\/wp-json\/wp\/v2\/rider\/19958"},{"embeddable":true,"href":"https:\/\/nuitdelaglisse.com\/fr\/wp-json\/wp\/v2\/rider\/19588"},{"embeddable":true,"href":"https:\/\/nuitdelaglisse.com\/fr\/wp-json\/wp\/v2\/rider\/19596"}],"wp:attachment":[{"href":"https:\/\/nuitdelaglisse.com\/fr\/wp-json\/wp\/v2\/media?parent=19287"}],"wp:term":[{"taxonomy":"film_category","embeddable":true,"href":"https:\/\/nuitdelaglisse.com\/fr\/wp-json\/wp\/v2\/film_category?post=19287"},{"taxonomy":"film_sport","embeddable":true,"href":"https:\/\/nuitdelaglisse.com\/fr\/wp-json\/wp\/v2\/film_sport?post=19287"}],"curies":[{"name":"wp","href":"https:\/\/api.w.org\/{rel}","templated":true}]}}

THE CALL suit une nouvelle génération d'athlètes extraordinaires répondant à l'appel de la nature : en quête de la ligne parfaite, du geste juste et de cet instant fugace où l'engagement, la maîtrise et les éléments ne font qu'un. Réalisé par Thierry Donard et Olivier Sautet, <b>THE CALL</b> :<span class="Apple-converted-space">  </span>le nouveau film de La Nuit de la Glisse<span class="Apple-converted-space">  </span>explore la transmission des valeurs entre les générations, tout en mettant en lumière les défis croissants auxquels fait face un monde naturel en profonde transformation.

THE CALL suit une nouvelle génération d'athlètes extraordinaires répondant à l'appel de la nature, en quête du tracé parfait, du geste juste et de ce moment fugace où l'engagement, la maîtrise et les éléments s'alignent.
Le film explore la transmission des valeurs entre les générations tout en mettant en lumière les défis croissants d'un monde naturel en profonde transformation.
