{"version":"1.0","provider_name":"NuitdelaGlisse","provider_url":"https:\/\/nuitdelaglisse.com\/fr\/","title":"Dossiers de presse officiels - NuitdelaGlisse","type":"rich","width":600,"height":338,"html":"<blockquote class=\"wp-embedded-content\" data-secret=\"Jjtt9DL51e\"><a href=\"https:\/\/nuitdelaglisse.com\/fr\/dossiers-de-presse-officiels\/\">Dossiers de presse officiels<\/a><\/blockquote><iframe sandbox=\"allow-scripts\" security=\"restricted\" src=\"https:\/\/nuitdelaglisse.com\/fr\/dossiers-de-presse-officiels\/embed\/#?secret=Jjtt9DL51e\" width=\"600\" height=\"338\" title=\"\u00ab\u00a0Dossiers de presse officiels\u00a0\u00bb &#8212; NuitdelaGlisse\" data-secret=\"Jjtt9DL51e\" frameborder=\"0\" marginwidth=\"0\" marginheight=\"0\" scrolling=\"no\" class=\"wp-embedded-content\"><\/iframe><script>\n\/*! This file is auto-generated *\/\n!function(d,l){\"use strict\";l.querySelector&&d.addEventListener&&\"undefined\"!=typeof URL&&(d.wp=d.wp||{},d.wp.receiveEmbedMessage||(d.wp.receiveEmbedMessage=function(e){var t=e.data;if((t||t.secret||t.message||t.value)&&!\/[^a-zA-Z0-9]\/.test(t.secret)){for(var s,r,n,a=l.querySelectorAll('iframe[data-secret=\"'+t.secret+'\"]'),o=l.querySelectorAll('blockquote[data-secret=\"'+t.secret+'\"]'),c=new RegExp(\"^https?:$\",\"i\"),i=0;i<o.length;i++)o[i].style.display=\"none\";for(i=0;i<a.length;i++)s=a[i],e.source===s.contentWindow&&(s.removeAttribute(\"style\"),\"height\"===t.message?(1e3<(r=parseInt(t.value,10))?r=1e3:~~r<200&&(r=200),s.height=r):\"link\"===t.message&&(r=new URL(s.getAttribute(\"src\")),n=new URL(t.value),c.test(n.protocol))&&n.host===r.host&&l.activeElement===s&&(d.top.location.href=t.value))}},d.addEventListener(\"message\",d.wp.receiveEmbedMessage,!1),l.addEventListener(\"DOMContentLoaded\",function(){for(var e,t,s=l.querySelectorAll(\"iframe.wp-embedded-content\"),r=0;r<s.length;r++)(t=(e=s[r]).getAttribute(\"data-secret\"))||(t=Math.random().toString(36).substring(2,12),e.src+=\"#?secret=\"+t,e.setAttribute(\"data-secret\",t)),e.contentWindow.postMessage({message:\"ready\",secret:t},\"*\")},!1)))}(window,document);\n\/\/# sourceURL=https:\/\/nuitdelaglisse.com\/wp-includes\/js\/wp-embed.min.js\n<\/script>\n","description":"Presse R\u00e9alis\u00e9 par Thierry Donard et Olivier Sautet, THE CALL est la nouvelle \u00e9dition de La Nuit de la Glisse, le rendez-vous incontournable du cin\u00e9ma de sports d\u2019action depuis 1979. Le film suit une nouvelle g\u00e9n\u00e9ration d\u2019athl\u00e8tes \u2014 Sam Favret, Conor Maguire, Sanda Delija, les fr\u00e8res Weger, Malo Gu\u00e9nol\u00e9 \u2014 en qu\u00eate de la ligne [&hellip;]","thumbnail_url":"https:\/\/nuitdelaglisse.com\/wp-content\/uploads\/2026\/05\/logo-LA-NDG.png.webp","thumbnail_width":1582,"thumbnail_height":1691}

Presse Réalisé par Thierry Donard et Olivier Sautet, THE CALL est la nouvelle édition de La Nuit de la Glisse, le rendez-vous incontournable du cinéma de sports d’action depuis 1979. Le film suit une nouvelle génération d’athlètes — Sam Favret, Conor Maguire, Sanda Delija, les frères Weger, Malo Guénolé — en quête de la ligne [&hellip;]
