{"id":19317,"date":"2026-07-22T11:26:18","date_gmt":"2026-07-22T09:26:18","guid":{"rendered":"https:\/\/nuitdelaglisse.com\/film\/human-x-teil-ii\/"},"modified":"2026-07-22T11:26:18","modified_gmt":"2026-07-22T09:26:18","slug":"human-x-teil-ii","status":"publish","type":"film","link":"https:\/\/nuitdelaglisse.com\/de\/film\/human-x-teil-ii\/","title":{"rendered":"Human X Teil II"},"content":{"rendered":"","protected":false},"excerpt":{"rendered":"","protected":false},"featured_media":0,"template":"","meta":{"_acf_changed":false,"footnotes":""},"film_category":[141,131],"film_sport":[133,132,143,134],"class_list":["post-19317","film","type-film","status-publish","hentry","film_category-human-x-trilogie","film_category-unsere-neuesten-produktionen","film_sport-freeride-skiing","film_sport-snowboarding","film_sport-speed-riding","film_sport-surfen"],"acf":{"slogan":"","synopsis":"Der neueste Teil der Human-X-Reihe, unter der Regie von Thierry Donard, w\u00fcrdigt die au\u00dfergew\u00f6hnlichen Leistungen von Athletinnen und Athleten, die in den anspruchsvollsten und gnadenlosesten Umgebungen der Welt an ihre Grenzen gehen. Diese filmische Reise f\u00fchrt von den majest\u00e4tischen Gipfeln der Alpen bis zu den wilden Gew\u00e4ssern Tasmaniens und Franz\u00f6sisch-Polynesiens. \n\nWir nennen diese Athletinnen und Athleten Human X \u2013 wegen ihrer bemerkenswerten F\u00e4higkeit, Angst zu \u00fcberwinden, Risiken anzunehmen und enorme k\u00f6rperliche wie mentale Herausforderungen zu meistern. In einer Welt, die zunehmend vom Klimawandel gepr\u00e4gt ist, verk\u00f6rpern sie Widerstandskraft und inspirieren uns, die Grenzen des menschlichen Potenzials neu zu definieren. \n\nDiese Multi-Sport-Odyssee vereint au\u00dfergew\u00f6hnliche Athletinnen und Athleten, deren Geschichten und Abenteuer einen einzigartigen, fesselnden und inspirierenden Film entstehen lassen. Unter ihnen unternimmt der junge Snowboarder Zian Perrot-Couttet einen mystischen Solo-Aufstieg auf die Aiguille Verte \u2013 ein Symbol f\u00fcr das unerm\u00fcdliche Streben nach Selbst\u00fcberwindung. \n\nDiese Athletinnen und Athleten erinnern uns daran, dass der menschliche Geist vom Wunsch angetrieben wird, \u00fcber seine Grenzen hinauszugehen. Wir nennen sie Human X. ","synopsis_short":"Human X Teil II begleitet au\u00dfergew\u00f6hnliche Athletinnen und Athleten, die sich den extremsten Umgebungen der Welt stellen \u2013 von den Alpen bis nach Tasmanien und Franz\u00f6sisch-Polynesien \u2013 auf der Suche nach neuen Grenzen. Durch atemberaubende Abenteuer feiert der Film Widerstandskraft, Mut und den unerm\u00fcdlichen Antrieb, das menschliche Potenzial zu \u00fcbertreffen. ","duration":79,"year":2024,"image_resolution":["4k"],"realisateur":"Thierry Donard","tournage":"","film_poster":18809,"teaser":"https:\/\/www.youtube.com\/watch?v=2-2kZ_RLvcI","teaser_image":null,"bg_video":"","bg_video_poster":null,"bg_video_webm":null,"bg_video_mobile":null,"bg_video_mobile_webm":null,"language":"Multi-langue","subtitle":["French","English","German"],"riders":[18612,18654,18532,18650,18517,18611,18610,18526],"vod":"","netflix":"","primevideo":"","soundtrack_spotify":"https:\/\/open.spotify.com\/intl-fr\/album\/53c47nt4ozuXy5iZme3gYT?si=X5rLJg62R0qthvKtDXMKYA","soundtrack_deezer":"https:\/\/link.deezer.com\/s\/33Eq30HcRPp9YWjZJdPwN","soundtrack_itunes":"https:\/\/music.apple.com\/fr\/album\/la-nuit-de-la-glisse-human-x-part-two-original\/1777609701"},"yoast_head":"<!-- This site is optimized with the Yoast SEO plugin v28.4 - https:\/\/yoast.com\/product\/yoast-seo-wordpress\/ -->\n<title>La Nuit de la Glisse 2024: Human X \u2013 Teil II<\/title>\n<meta name=\"description\" content=\"La Nuit de la Glisse 2024 \u2013 Human X Teil II, unter der Regie von Thierry Donard, begleitet Valentin Delluc, Sam Favret und Zian Perrot-Couttet dabei, wie sie die Grenzen des menschlichen Potenzials neu definieren.\" \/>\n<meta name=\"robots\" content=\"index, follow, max-snippet:-1, max-image-preview:large, max-video-preview:-1\" \/>\n<link rel=\"canonical\" href=\"https:\/\/nuitdelaglisse.com\/de\/film\/human-x-teil-ii\/\" \/>\n<meta property=\"og:locale\" content=\"de_DE\" \/>\n<meta property=\"og:type\" content=\"article\" \/>\n<meta property=\"og:title\" content=\"La Nuit de la Glisse 2024: Human X \u2013 Teil II\" \/>\n<meta property=\"og:description\" content=\"La Nuit de la Glisse 2024 \u2013 Human X Teil II, unter der Regie von Thierry Donard, begleitet Valentin Delluc, Sam Favret und Zian Perrot-Couttet dabei, wie sie die Grenzen des menschlichen Potenzials neu definieren.\" \/>\n<meta property=\"og:url\" content=\"https:\/\/nuitdelaglisse.com\/de\/film\/human-x-teil-ii\/\" \/>\n<meta property=\"og:site_name\" content=\"NuitdelaGlisse\" \/>\n<meta property=\"og:image\" content=\"https:\/\/nuitdelaglisse.com\/wp-content\/uploads\/2026\/05\/logo-LA-NDG.png.webp\" \/>\n\t<meta property=\"og:image:width\" content=\"1582\" \/>\n\t<meta property=\"og:image:height\" content=\"1691\" \/>\n\t<meta property=\"og:image:type\" content=\"image\/webp\" \/>\n<meta name=\"twitter:card\" content=\"summary_large_image\" \/>\n<script type=\"application\/ld+json\" class=\"yoast-schema-graph\">{\"@context\":\"https:\\\/\\\/schema.org\",\"@graph\":[{\"@type\":\"WebPage\",\"@id\":\"https:\\\/\\\/nuitdelaglisse.com\\\/de\\\/film\\\/human-x-teil-ii\\\/\",\"url\":\"https:\\\/\\\/nuitdelaglisse.com\\\/de\\\/film\\\/human-x-teil-ii\\\/\",\"name\":\"La Nuit de la Glisse 2024: Human X \u2013 Teil II\",\"isPartOf\":{\"@id\":\"https:\\\/\\\/nuitdelaglisse.com\\\/de\\\/#website\"},\"datePublished\":\"2026-07-22T09:26:18+00:00\",\"description\":\"La Nuit de la Glisse 2024 \u2013 Human X Teil II, unter der Regie von Thierry Donard, begleitet Valentin Delluc, Sam Favret und Zian Perrot-Couttet dabei, wie sie die Grenzen des menschlichen Potenzials neu definieren.\",\"breadcrumb\":{\"@id\":\"https:\\\/\\\/nuitdelaglisse.com\\\/de\\\/film\\\/human-x-teil-ii\\\/#breadcrumb\"},\"inLanguage\":\"de\",\"potentialAction\":[{\"@type\":\"ReadAction\",\"target\":[\"https:\\\/\\\/nuitdelaglisse.com\\\/de\\\/film\\\/human-x-teil-ii\\\/\"]}]},{\"@type\":\"BreadcrumbList\",\"@id\":\"https:\\\/\\\/nuitdelaglisse.com\\\/de\\\/film\\\/human-x-teil-ii\\\/#breadcrumb\",\"itemListElement\":[{\"@type\":\"ListItem\",\"position\":1,\"name\":\"Accueil\",\"item\":\"https:\\\/\\\/nuitdelaglisse.com\\\/de\\\/\"},{\"@type\":\"ListItem\",\"position\":2,\"name\":\"Human X Teil II\"}]},{\"@type\":\"WebSite\",\"@id\":\"https:\\\/\\\/nuitdelaglisse.com\\\/de\\\/#website\",\"url\":\"https:\\\/\\\/nuitdelaglisse.com\\\/de\\\/\",\"name\":\"La Nuit de la Glisse\",\"description\":\"TRACES 2026\",\"publisher\":{\"@id\":\"https:\\\/\\\/nuitdelaglisse.com\\\/de\\\/#organization\"},\"alternateName\":\"LaNuitdelaGlisse\",\"potentialAction\":[{\"@type\":\"SearchAction\",\"target\":{\"@type\":\"EntryPoint\",\"urlTemplate\":\"https:\\\/\\\/nuitdelaglisse.com\\\/de\\\/?s={search_term_string}\"},\"query-input\":{\"@type\":\"PropertyValueSpecification\",\"valueRequired\":true,\"valueName\":\"search_term_string\"}}],\"inLanguage\":\"de\"},{\"@type\":\"Organization\",\"@id\":\"https:\\\/\\\/nuitdelaglisse.com\\\/de\\\/#organization\",\"name\":\"NuitdelaGlisse\",\"alternateName\":\"La Nuit de la Glisse\",\"url\":\"https:\\\/\\\/nuitdelaglisse.com\\\/de\\\/\",\"logo\":{\"@type\":\"ImageObject\",\"inLanguage\":\"de\",\"@id\":\"https:\\\/\\\/nuitdelaglisse.com\\\/de\\\/#\\\/schema\\\/logo\\\/image\\\/\",\"url\":\"https:\\\/\\\/nuitdelaglisse.com\\\/wp-content\\\/uploads\\\/2026\\\/05\\\/logo-LA-NDG.png.webp\",\"contentUrl\":\"https:\\\/\\\/nuitdelaglisse.com\\\/wp-content\\\/uploads\\\/2026\\\/05\\\/logo-LA-NDG.png.webp\",\"width\":1582,\"height\":1691,\"caption\":\"NuitdelaGlisse\"},\"image\":{\"@id\":\"https:\\\/\\\/nuitdelaglisse.com\\\/de\\\/#\\\/schema\\\/logo\\\/image\\\/\"}}]}<\/script>\n<!-- \/ Yoast SEO plugin. -->","yoast_head_json":{"title":"La Nuit de la Glisse 2024: Human X \u2013 Teil II","description":"La Nuit de la Glisse 2024 \u2013 Human X Teil II, unter der Regie von Thierry Donard, begleitet Valentin Delluc, Sam Favret und Zian Perrot-Couttet dabei, wie sie die Grenzen des menschlichen Potenzials neu definieren.","robots":{"index":"index","follow":"follow","max-snippet":"max-snippet:-1","max-image-preview":"max-image-preview:large","max-video-preview":"max-video-preview:-1"},"canonical":"https:\/\/nuitdelaglisse.com\/de\/film\/human-x-teil-ii\/","og_locale":"de_DE","og_type":"article","og_title":"La Nuit de la Glisse 2024: Human X \u2013 Teil II","og_description":"La Nuit de la Glisse 2024 \u2013 Human X Teil II, unter der Regie von Thierry Donard, begleitet Valentin Delluc, Sam Favret und Zian Perrot-Couttet dabei, wie sie die Grenzen des menschlichen Potenzials neu definieren.","og_url":"https:\/\/nuitdelaglisse.com\/de\/film\/human-x-teil-ii\/","og_site_name":"NuitdelaGlisse","og_image":[{"width":1582,"height":1691,"url":"https:\/\/nuitdelaglisse.com\/wp-content\/uploads\/2026\/05\/logo-LA-NDG.png.webp","type":"image\/webp"}],"twitter_card":"summary_large_image","schema":{"@context":"https:\/\/schema.org","@graph":[{"@type":"WebPage","@id":"https:\/\/nuitdelaglisse.com\/de\/film\/human-x-teil-ii\/","url":"https:\/\/nuitdelaglisse.com\/de\/film\/human-x-teil-ii\/","name":"La Nuit de la Glisse 2024: Human X \u2013 Teil II","isPartOf":{"@id":"https:\/\/nuitdelaglisse.com\/de\/#website"},"datePublished":"2026-07-22T09:26:18+00:00","description":"La Nuit de la Glisse 2024 \u2013 Human X Teil II, unter der Regie von Thierry Donard, begleitet Valentin Delluc, Sam Favret und Zian Perrot-Couttet dabei, wie sie die Grenzen des menschlichen Potenzials neu definieren.","breadcrumb":{"@id":"https:\/\/nuitdelaglisse.com\/de\/film\/human-x-teil-ii\/#breadcrumb"},"inLanguage":"de","potentialAction":[{"@type":"ReadAction","target":["https:\/\/nuitdelaglisse.com\/de\/film\/human-x-teil-ii\/"]}]},{"@type":"BreadcrumbList","@id":"https:\/\/nuitdelaglisse.com\/de\/film\/human-x-teil-ii\/#breadcrumb","itemListElement":[{"@type":"ListItem","position":1,"name":"Accueil","item":"https:\/\/nuitdelaglisse.com\/de\/"},{"@type":"ListItem","position":2,"name":"Human X Teil II"}]},{"@type":"WebSite","@id":"https:\/\/nuitdelaglisse.com\/de\/#website","url":"https:\/\/nuitdelaglisse.com\/de\/","name":"La Nuit de la Glisse","description":"TRACES 2026","publisher":{"@id":"https:\/\/nuitdelaglisse.com\/de\/#organization"},"alternateName":"LaNuitdelaGlisse","potentialAction":[{"@type":"SearchAction","target":{"@type":"EntryPoint","urlTemplate":"https:\/\/nuitdelaglisse.com\/de\/?s={search_term_string}"},"query-input":{"@type":"PropertyValueSpecification","valueRequired":true,"valueName":"search_term_string"}}],"inLanguage":"de"},{"@type":"Organization","@id":"https:\/\/nuitdelaglisse.com\/de\/#organization","name":"NuitdelaGlisse","alternateName":"La Nuit de la Glisse","url":"https:\/\/nuitdelaglisse.com\/de\/","logo":{"@type":"ImageObject","inLanguage":"de","@id":"https:\/\/nuitdelaglisse.com\/de\/#\/schema\/logo\/image\/","url":"https:\/\/nuitdelaglisse.com\/wp-content\/uploads\/2026\/05\/logo-LA-NDG.png.webp","contentUrl":"https:\/\/nuitdelaglisse.com\/wp-content\/uploads\/2026\/05\/logo-LA-NDG.png.webp","width":1582,"height":1691,"caption":"NuitdelaGlisse"},"image":{"@id":"https:\/\/nuitdelaglisse.com\/de\/#\/schema\/logo\/image\/"}}]}},"_links":{"self":[{"href":"https:\/\/nuitdelaglisse.com\/de\/wp-json\/wp\/v2\/film\/19317","targetHints":{"allow":["GET"]}}],"collection":[{"href":"https:\/\/nuitdelaglisse.com\/de\/wp-json\/wp\/v2\/film"}],"about":[{"href":"https:\/\/nuitdelaglisse.com\/de\/wp-json\/wp\/v2\/types\/film"}],"version-history":[{"count":0,"href":"https:\/\/nuitdelaglisse.com\/de\/wp-json\/wp\/v2\/film\/19317\/revisions"}],"acf:post":[{"embeddable":true,"href":"https:\/\/nuitdelaglisse.com\/de\/wp-json\/wp\/v2\/rider\/18526"},{"embeddable":true,"href":"https:\/\/nuitdelaglisse.com\/de\/wp-json\/wp\/v2\/rider\/18610"},{"embeddable":true,"href":"https:\/\/nuitdelaglisse.com\/de\/wp-json\/wp\/v2\/rider\/18611"},{"embeddable":true,"href":"https:\/\/nuitdelaglisse.com\/de\/wp-json\/wp\/v2\/rider\/18517"},{"embeddable":true,"href":"https:\/\/nuitdelaglisse.com\/de\/wp-json\/wp\/v2\/rider\/18650"},{"embeddable":true,"href":"https:\/\/nuitdelaglisse.com\/de\/wp-json\/wp\/v2\/rider\/18532"},{"embeddable":true,"href":"https:\/\/nuitdelaglisse.com\/de\/wp-json\/wp\/v2\/rider\/18654"},{"embeddable":true,"href":"https:\/\/nuitdelaglisse.com\/de\/wp-json\/wp\/v2\/rider\/18612"}],"wp:attachment":[{"href":"https:\/\/nuitdelaglisse.com\/de\/wp-json\/wp\/v2\/media?parent=19317"}],"wp:term":[{"taxonomy":"film_category","embeddable":true,"href":"https:\/\/nuitdelaglisse.com\/de\/wp-json\/wp\/v2\/film_category?post=19317"},{"taxonomy":"film_sport","embeddable":true,"href":"https:\/\/nuitdelaglisse.com\/de\/wp-json\/wp\/v2\/film_sport?post=19317"}],"curies":[{"name":"wp","href":"https:\/\/api.w.org\/{rel}","templated":true}]}}

Der neueste Teil der Human-X-Reihe, unter der Regie von Thierry Donard, würdigt die außergewöhnlichen Leistungen von Athletinnen und Athleten, die in den anspruchsvollsten und gnadenlosesten Umgebungen der Welt an ihre Grenzen gehen. Diese filmische Reise führt von den majestätischen Gipfeln der Alpen bis zu den wilden Gewässern Tasmaniens und Französisch-Polynesiens. 

Wir nennen diese Athletinnen und Athleten Human X – wegen ihrer bemerkenswerten Fähigkeit, Angst zu überwinden, Risiken anzunehmen und enorme körperliche wie mentale Herausforderungen zu meistern. In einer Welt, die zunehmend vom Klimawandel geprägt ist, verkörpern sie Widerstandskraft und inspirieren uns, die Grenzen des menschlichen Potenzials neu zu definieren. 

Diese Multi-Sport-Odyssee vereint außergewöhnliche Athletinnen und Athleten, deren Geschichten und Abenteuer einen einzigartigen, fesselnden und inspirierenden Film entstehen lassen. Unter ihnen unternimmt der junge Snowboarder Zian Perrot-Couttet einen mystischen Solo-Aufstieg auf die Aiguille Verte – ein Symbol für das unermüdliche Streben nach Selbstüberwindung. 

Diese Athletinnen und Athleten erinnern uns daran, dass der menschliche Geist vom Wunsch angetrieben wird, über seine Grenzen hinauszugehen. Wir nennen sie Human X.

Human X Teil II begleitet außergewöhnliche Athletinnen und Athleten, die sich den extremsten Umgebungen der Welt stellen – von den Alpen bis nach Tasmanien und Französisch-Polynesien – auf der Suche nach neuen Grenzen. Durch atemberaubende Abenteuer feiert der Film Widerstandskraft, Mut und den unermüdlichen Antrieb, das menschliche Potenzial zu übertreffen.
